- -1).
18
Calculate 6 + 28 - (-18 + 27).
25
-24 + (-23 - (14 - 65))
4
-16 + (-19 - -21 - (0 - 2))
-12
Calculate 5 - (-8 + 17 + -8 - -11).
-7
Calculate 25 - (-3 + (-8 - -28)).
8
Calculate 14 - (52 + 1 - 16).
-23
(15 - (-16 + 23)) + 6
14
Calculate 305 + -305 + 5 + 3.
8
What is the value of -19 + -2 - (25 - (33 - 3))?
-16
Evaluate (57 - (-83 - -129)) + 1 + -18.
-6
What is -19 + (-32 - -23) + 0 + 3 + -1?
-26
What is the value of 0 + 25 + (14 - -7 - 15)?
31
What is the value of -18 + 4 - (-1 - 12)?
-1
What is the value of 6 + 12 + (52 - 83)?
-13
Calculate (-12 - -1) + (-7 + 20 - 5) + 3.
0
Evaluate -1 - -11 - (9 + (15 - 18)).
4
What is 6 - ((6 - -8) + -6 + -11)?
9
What is the value of -1 + 1 + 9 + (6 - 22)?
-7
3 + 3 - 13 - -34 - (-2 + 2)
27
Evaluate (-3 - (-6 - -4) - -7) + 4.
10
Calculate -3 - (13 - (-1 - -11 - -15)).
9
Evaluate -2 + (28 + -25 - -21).
22
What is the value of (-528 - -541) + -26 + 0?
-13
Calculate -1151 + 1190 - (33 - 2).
8
5 + -19 - -12 - -5
3
Evaluate (18 + -17 - 1) + -11.
-11
What is the value of -34 - (-24 + 21 + -12)?
-19
Calculate 2 - (-5 + -7 - -5) - (0 + -8).
17
Calculate -11 - (-4 + 3 + -12 + 2).
0
0 - -24 - (-8 + -2 - -8) - -3
29
Calculate (-21 - 3 - -7) + (2 - -2).
-13
Evaluate 10 - (-42 + 13) - 53.
-14
What is the value of 17 + -66 + 14 - -10?
-25
What is (-53 - -50 - (-9 + 1 + 5)) + -3?
-3
15 - (0 + 5 - (-12 + 24 + -12))
10
What is 17 + -6 + -7 + 0?
4
What is (-9 + -14 + 16 - (8 - 0)) + 8?
-7
(18 - (14 - 6)) + -4
6
Calculate 10 + (-43 - -18) - (-13 - -2) - -11.
7
What is -20 + (4 - 9 - 4 - -17) + 37?
25
What is 7 + -52 + 13 - -19?
-13
Evaluate (14 - (-6 - -23)) + 8.
5
What is 0 - (2 + -4 - (2 - 1)) - -5?
8
What is the value of 3 + (11 - (8 - 0)) - -5?
11
(-13 - -2 - -11) + -14
-14
-11 - -35 - (-2 + 48)
-22
Evaluate (-11 - 3) + -32 + (60 - 31).
-17
What is 4 - ((12 - 0) + (-3 - -6 - 5))?
-6
What is 4 - (-95 - -92 - (0 + -5))?
2
What is (3 + -5 + 35 - -1) + 20 + -22?
32
What is (165 + -177 - (-9 - -1)) + 1 + 7?
4
(-1 + (20 - 2) - 11) + 4
10
(-17 - (-12 - 5)) + 10
10
Evaluate 20 - ((10 - 17) + (1 - -8)).
18
Calculate 7 - ((4 - (10 + -5)) + 34 + -26).
0
Evaluate -6 - (-6 + 18 + -22 - (0 + -3)).
1
What is the value of (37 - 23 - (-5 - -3 - -2)) + 0?
14
-14 + 24 + -3 + -14
-7
What is (13 - -2 - (20 - (-8 - -22))) + 8?
17
Calculate -14 + (-3 - 3) + 14 - (44 + -19).
-31
Evaluate -18 + (12 - (-14 + 29 - -13)).
-34
Evaluate 6 - (5 - (-6 - (-16 - -6))).
5
What is the value of (-15 - (0 + (-2 - 23))) + -7 + 1?
4
What is the value of -360 + 357 - (6 - 3 - -8)?
-14
Evaluate 11 + -34 + 42 + -1 + 0.
18
13 - (-16 + 31 - -5) - (8 - 0)
-15
Evaluate 12 - ((12 - -5) + -2).
-3
What is the value of -9 + 32 + (39 - 10) + -20?
32
What is (0 - (-13 - -16 - 12)) + -33?
-24
Calculate -11 + 0 + (-11 - ((10 - -5) + -28)).
-9
Calculate 0 + -7 - ((0 - -5) + -10 + 2).
-4
What is (-6 - 15) + 17 + -11?
-15
What is -5 - (0 + 5 + (55 - 62) - -9)?
-12
Evaluate -4 + (-21 - -7) + 12.
-6
What is 187 - 196 - (1 - 14)?
4
Evaluate 2 + -19 + (11 - 6) - -4.
-8
What is -6 - ((7 - 12) + -11)?
10
Calculate 377 - 388 - (0 - (36 + 2)) - -7.
34
What is the value of (-4 + 5 - 6) + -2 + -1?
-8
-66 - -71 - (-3 + 2 - -16)
-10
Calculate -6 + (-52 + 61 - (-1 - -13)) + 24.
15
What is the value of (-1 - 0) + 24 + -13?
10
34 - 96 - -28 - -40
6
Calculate -94 + (36 - -68) - (0 + -17 - -1).
26
5 + -1 + (12 - 6 - 2 - -2)
10
What is the value of -47 - -4 - (23 + -13 + -22)?
-31
What is -4 - 1 - ((6 - -2) + -19)?
6
What is the value of -32 + 23 + 14 + (0 - -3 - -9)?
17
(-11 - (10 - 17) - -3) + 9 + -10
-2
Calculate (67 - 60) + (1 - 6) - -15.
17
Calculate (14 - ((13 - -13) + 0)) + 22.
10
(6 - -12 - 1 - -11) + -7
21
(-17 - -3 - (4 + -31)) + -9
4
Calculate (-10 - 1) + 11 + -4 + -5.
-9
What is the value of 1 + 1 + 3 - (786 - 783)?
2
What is (-1 + 3 - (11 + -2)) + 4?
-3
Calculate -13 - (1 - (1 + 15 - 21)).
-19
(3 - (3 - (-13 - -23))) + -16
-6
Evaluate (-3 - -24) + -1 + 17 + (-13 - -6).
30
What is the value of 8 + 10 + (0 - 30)?
-12
What is (-20 - -1) + (7 - -9 - 14) + -2?
-19
Calculate (11 - 5) + -12 + -2.
-8
What is the value of (-8 + 7 - -2) + -2 - (-18 - -1)?
16
What is (3 - 0) + 9 - (-2 + 59 + -41)?
-4
What is the value of -2 + 6 - (-6 + -14 + 18) - 2?
4
Calculate (-1 + -2 - -9) + (4 - (-5 - -6)).
9
Evaluate 11 - (8 + (-7 - -7) + 3).
0
6 + -11 + 2 + 2 + 11
10
Evaluate (-9 - -15) + -21 + (29 - 26).
-12
Evaluate -17 - (-29 + 4 + 9).
-1
What is the value of 16 + -7 - 2 - -12?
19
Calculate (0 - -15 - 22) + (24 - 4).
13
Calculate -18 + (45 - 10) + -9.
8
What is 31 + -14 + -14 + 27?
30
Calculate (1083 - 1049) + 0 + -38.
-4
What is the value of -130 + 159 - (1 + 1 + (-3 - -6))?
24
(14 - 4) + -4 + -10 - -4
0
What is the value of -7 + 9 + 0 + -6?
-4
Calculate (-3 + -15 - -9) + (4 - 5 - 6).
-16
Calculate -10 + 4 + -32 + 19.
-19
-12 + 14 + 8 - 8
2
(-3 + 5 - 6) + 10
6
What is (-4 - (-8 - -23)) + 15?
-4
-7 - (-1 + -3 + 18 - 38)
17
(2 - -6) + 6 + -1 + (-23 - -16)
6
Calculate 1 + (-1 + -6 - (148 + -174)).
20
Evaluate -20 + 46 - (20 + 19).
-13
Calculate 18 - 7 - (12 + 0) - (-2 + 8).
-7
What is 3 - ((10 - 0) + (-22 - -9))?
6
Calculate (14 - -1) + -20 + (14 - -3).
12
19 - ((30 - 21) + -3)
13
What is the value of 17 - (11 - (16 + -31))?
-9
Evaluate 23 - 10 - 12 - 12.
-11
-5 + -3 - (5 + -2 + -4) - 1
-8
What is the value of 2 + -9 + (27 + (-1 - 2) - 4)?
13
0 + -12 + -926 + 940
2
What is -1 + -13 + (14 - (-6 - -2)) + -18?
-14
What is the value of 2 + -2 + 1 + -151 + 155 - 21?
-16
What is -10 + 3 + (2 - -1)?
-4
What is the value of 21 + (-2 - (2 - (10 - -2)) - 5)?
24
What is 31 - (14 + (-7 - -12)) - -19?
31
What is the value of 6 + -3 + -2 - 20?
-19
Evaluate -14 + (-2 + -6 - (-35 + 30)).
-17
-8 + 1 - (572 - 562 - (1 - -41))
25
Calculate (-5 - 0) + 8 + (12 - 19) - 2.
-6
Calculate -25 - (-13 + 15 + (-1 - 18)).
-8
-10 + 17 + 0 + (-4 - 3)
0
-4 + -6 + (6 - 20) + 6
-18
Evaluate (47 - 46) + (-4 - 15).
-18
(4 - (-21 + -4)) + (-9 - 2)
18
Evaluate -615 + 609 - (-1 + -5).
0
What is the value of 5 + 0 + (-9 - -2) + 1 + -8?
-9
(0 - 4) + (15 - 9) + 6
8
(-2 - -8) + (-48 - -45)
3
Calculate 1 + 1 + 1 + -47 + 43.
-1
-36 + 33 + 4 + 12
13
Calculate -12 + 2 + 12 + 4 + 0.
6
Evaluate -16 - (-5 - (-2 + -2)) - (-3 - -9).
-21
88 - 80 - (-11 + -3)
22
What is the value of 12 - (-24 + 35) - 0?
1
Evaluate -6 + 3 - ((-23 - -6) + 7).
7
Evaluate 18 + -22 - (-4 + 2 + -1).
-1
What is the value of (12 - 11) + 13 + (-20 - 15)?
-21
What is the value of 6 - (16 + -27 + 3)?
14
Evaluate 1 - (2 + -10 + -3 + (26 - -1)).
-15
What is the value of -2 + -2 + -9 + -18 + 19?
-12
Calculate (-26 - (-1 + -1 + -8)) + 2.
-14
Evaluate 9 + -5 + 0 + 2 - (97 - 87).
-4
What is (-10 - (-2 + 4) - -5) + -4 + 7?
-4
What is the value of 5 + (21 - 4) + 4 - (-4 + 6)?
24
Evaluate 48 - 56 - (-4 - 1).
-3
What is -9 - (-34 - -26 - 18)?
17
What is (4 - (-4 - -2)) + (4 - 22) - -9?
-3
What is 18 + (-198 + 218 - (-2 - -3))?
37
What is -5 + (0 - -8) - (8 - 2)?
-3
Evaluate -6 + (11 - 6) - (1 - (-6 - 1)).
-9
Evaluate -12 + (1 - (17 - (11 - 3))) - 7.
-27
What is 3 + (-2 - -3) + (-495 - -473)?
-18
Evaluate -7 + (0 - 1) + (-8 - -2).
-14
Evaluate (8 - 5) + 3 - (10 + -6 + 29).
-27
Calculate 1 - -20 - (-19 + 11 + 7 - -8).
14
What is (18 - 9) + 2 + 0 + -4 - 15?
-8
What is the value of -14 + 48 + -9 - 23?
2
What is -2 - (0 + 11 + (-5 - -3) + -3)?
-8
Evaluate -10 + 7 + (-10 - 5) - -6.
-12
Evaluate (-75 + 68 - (-8 - -2)) + 17.
16
What is 9 + (8 - (-11 + 17))?
11
What is the value of -3 - ((-26 - -21) + -2)?
4
What is the value of (-4 - -1 - (39 - 28)) + 8?
-6
Evaluate (-13 - (-9 - 1)) + (-6 - 0) + -1.
-10
Calculate 1 + (-8 - -15) + -4.
4
What is (3 - -6) + (7 - (16 + -7))?
7
Evaluate -16 + -3 + (29 - 12) + -12.
-14
What is the value of -16 + 25 + 0 + 20?
29
Calculate -2 - (-10 + 37) - (-38 + 46).
-37
What is -7 + -5 + 23 - (-3 + 18)?
-4
What is the value of 11 + -20 - (19 + -7)?
-21
What is 14 + -6 + -1 + -4?
3
What is the value of -7 - (15 - 22 - 27) - 12?
15
-1 + -6 + (14 - (-19 - 6))
32
What is -2 - -33 - 11 - 10?
10
What is 5 + 3 + 13 - 14?
7
What is 17 + 5 + 15 + -28 + 12?
21
What is the value of -6 - (11 + -14 + 14) - (1 + -7)?
-11
What is the value of -10 - (-8 + 8 + -3 + (5 - 1))?
-11
-1 + 16 + (-5 - (-26 - -18))
18
What is 12 - (-13 + 8 + 10 + -15)?
22
Calculate 28 - (1 + -13 - -31)